 and f?
29
Suppose -6*s + 134 + 118 = 0. Suppose -s*h + 56*h - 1400 = 0. Calculate the highest common divisor of h and 8.
4
Suppose -690*f = -771*f + 436590. Calculate the highest common factor of f and 308.
154
Let k(v) = 4*v + 13. Let h be k(-2). Let z(d) = -d**2 - 5*d - 3. Let s be z(-3). Let b = -1 + s. What is the greatest common divisor of b and h?
1
Suppose 2*l = 8*l, 2*j + 3*l = -0*l + 6. What is the greatest common factor of j and 38?
1
Suppose -b = 5, 3*g - 161 + 5 = 3*b. Let z = g + 148. What is the highest common divisor of 39 and z?
39
Let c be 308/(-99) + (-2)/(-18) - -10. Let i(n) = n**3 - 7*n**2 + 3*n - 3. Let g be i(c). What is the highest common factor of 414 and g?
18
Suppose 1868 = 12*l - 1252. Let a = 13 + l. Calculate the greatest common factor of a and 52.
13
Let m(v) = -v**3 + 8*v**2 - v - 15. Let x be m(7). Let l(n) = 20*n + 4. Let j be l(7). Calculate the highest common factor of j and x.
9
Let d = 143 - -132. Let y = d + -246. What is the highest common factor of y and 116?
29
Suppose -5*h = w - 940, 5*h + 35*w - 37*w - 955 = 0. Calculate the highest common factor of 224 and h.
7
Let g(x) = -4*x + 43. Let l be g(13). Let j(a) = -a**3 - 9*a**2 + 2*a + 53. Let f be j(l). Calculate the highest common divisor of 665 and f.
35
Let c(i) = 92*i**2 - 3*i + 2. Let g be c(1). Suppose 3*f = -g + 517. What is the highest common factor of 213 and f?
71
Let h(n) = n**2 - 7*n - 18. Let q = 87 - 71. Let x be (-21)/7 - (0 - q). Let a be h(x). Calculate the highest common divisor of 15 and a.
15
Let l = -2347 + 2383. What is the highest common factor of l and 16?
4
Let r = 299 - 60. Let s = r - 169. What is the greatest common factor of 20 and s?
10
Let d = -33664 + 33761. Calculate the highest common factor of d and 33271.
97
Suppose 8*t - 9*t - 4*m = -3233, -m + 9776 = 3*t. Calculate the greatest common factor of t and 6.
3
Let y = 55 + -50. Let p(m) = m**3 - 3*m**2 - 4*m - 6. Let n be p(y). Let g = n + -12. Calculate the greatest common divisor of 48 and g.
12
Let r be -1 - ((-60)/(-8)*-1737 - (-7)/14). What is the highest common divisor of 39 and r?
39
Suppose -159 = -3*d - 5*l, -l + 227 - 56 = 3*d. Calculate the highest common factor of 22 and d.
2
Suppose -7*t + 262 - 3 = 0. Let y = t + -33. Let l = y + -3. Calculate the highest common divisor of l and 7.
1
Let p(o) = o**3 - 15*o**2 + 15*o - 51. Let f be p(17). Calculate the greatest common factor of 306 and f.
34
Let b = -5898 - -6362. Calculate the highest common divisor of 29 and b.
29
Suppose -66*p + 1144 = -64*p - 3*u, 5*p + 5*u = 2860. Let r = 131 + p. Calculate the highest common divisor of r and 38.
19
Let v be (-563745)/(-182) - (-9)/(-6). What is the highest common factor of v and 144?
72
Let l(m) = m**3 - 14*m**2 + 6*m - 29. Let v be l(17). Let o = -319 + v. Calculate the greatest common divisor of 23 and o.
23
Suppose g = s - 23520, 19*s - 94072 = 15*s + 5*g. What is the greatest common factor of 34 and s?
34
Let t(j) = 16 + j**2 + 40*j - 60*j + 13*j. Let r be 9/2 + (-2)/(-4). Let m be t(r). What is the greatest common factor of m and 24?
6
Suppose -3*a = -0*a + 2*p - 1402, 2*p - 2338 = -5*a. What is the greatest common divisor of a and 45?
9
Let a(f) = 2*f**2 - 80*f + 94. Let x be a(39). Let d(t) = 2*t**3 - 8*t**2 + 5*t + 2. Let k be d(6). What is the greatest common factor of k and x?
16
Suppose 0*d = -5*t - 5*d + 70, 0 = 2*t + 4*d - 38. Let f be 790/(-12) - 19/114. Let l be f/(-297) - 644/(-18). Calculate the greatest common divisor of l and t.
9
Let t = -30 - -75. Let k = -61 + t. Let l be (28 - k/(-4))/2. What is the highest common divisor of 108 and l?
12
Let i = 14055 - 14015. Calculate the greatest common factor of 10900 and i.
20
Suppose -27*v + 6661 + 5435 = 0. Let u = v - 340. Calculate the greatest common factor of 378 and u.
54
Suppose 0 = -10*v - 6321 + 12608 + 33403. What is the highest common divisor of 147 and v?
147
Let l(t) = -14*t - 2. Suppose 0 = 10*r + r + 11. Let h be l(r). Let c be 3/h - 459/(-36). What is the greatest common divisor of c and 26?
13
Let t be (-45)/10*(-3 - (-9)/(-3)). Calculate the highest common divisor of t and 531.
9
Let f be -78 + 74 - (0 + 9)*-1. Let o be (-9)/18*1*-2. Calculate the greatest common divisor of o and f.
1
Let u(n) = -n - 1. Let o(x) = 1. Let r(t) = 4*o(t) + 3*u(t). Let c be r(-2). Let g be -1*((-14)/3)/((-2)/(-6)). What is the highest common divisor of g and c?
7
Suppose -605 - 1258 = -9*k. Let g = k - 189. What is the greatest common divisor of g and 198?
18
Let o = 267 - 174. Let k(j) = 13*j**2 - 17 - 55*j**3 - 3*j - 58*j**3 + 114*j**3 + 11*j. Let r be k(-12). Calculate the greatest common factor of o and r.
31
Let p = 19501 - 17690. Calculate the highest common divisor of 1 and p.
1
Suppose -x = -2*z + 19, 0 = -4*z + x - 3 + 38. Let l be ((-14)/z*-98)/(6/12). Calculate the highest common factor of l and 49.
49
Let o(f) be the third derivative of -29*f**4/24 - f**3/3 - 14*f**2. Let i be o(-2). Let x = i + -46. Calculate the highest common factor of x and 80.
10
Let a be ((-27729)/12)/9*(-2 - -6). Let f be (18/16 - 1) + a/(-104). What is the highest common divisor of f and 30?
10
Let h be (((-3)/(-6))/(-1))/((-7)/252). Let l = h + -13. Suppose -7*o - 90 = -9*o. Calculate the greatest common divisor of l and o.
5
Let c = 131 + -92. Suppose -19*w + 0*w = 44 - 101. Calculate the greatest common factor of c and w.
3
Suppose -228 - 12 = -8*w. Let c = w + -10. Let z be (-20)/6*1*(-126)/35. Calculate the greatest common factor of z and c.
4
Let i(n) = -16*n - 77. Let f be i(-19). Let j = f + -127. Suppose -4*y - 35 = -3*t - 103, -12 = -y + 2*t. What is the greatest common divisor of y and j?
20
Let y be -10*(-27)/15*1. Let k = -25 - -25. Suppose k = 6*g + y - 30. Calculate the greatest common factor of 18 and g.
2
Suppose -6*n + 13*n + 176 = 253. Calculate the highest common divisor of n and 9.
1
Let j be 25/2 - (-3)/(-6). Let d = 7103 + -7075. What is the highest common divisor of d and j?
4
Suppose -5*b + 9 = -2*b. Suppose t - 32 = -b*t. Suppose 80 = q + 4*o, -20*q - 2*o - 156 = -23*q. Calculate the highest common factor of q and t.
8
Let f = 5 - 2. Suppose -f*v + 148 = v. Let m be (7/(35/(-2220)))/((-57)/38). Calculate the greatest common factor of m and v.
37
Suppose -3*d + 13 = 7. Suppose d*b + 4*i = 186, 2*i + 201 + 70 = 3*b. Let w = -90 + b. What is the greatest common divisor of w and 11?
1
Suppose -4*x = -53 - 47. Suppose -18*d = -13*d - x. Suppose -2*c + 131 = -w, -2*c + d*w - 203 = -5*c. What is the greatest common factor of c and 99?
33
Suppose -8*a - 1368 = 11*a. Let h be -2*(1/(-9) - (-2764)/a). Calculate the highest common divisor of h and 33.
11
Let l(g) = -3*g**3 + g**2 + 3*g - 3. Let b be l(-2). Suppose 0 = -3*u + 35 + b. Calculate the highest common factor of u and 2.
2
Let p = -145 + 660. Suppose 504 = 518*w - p*w. Suppose -48 = 4*i - 132. What is the greatest common divisor of w and i?
21
Suppose 5*w - 5 = 0, 5*b - 4*w = 2233 + 528. Calculate the greatest common factor of 14 and b.
7
Suppose -2744 = 60*b - 4566 - 5078. Calculate the greatest common divisor of 1817 and b.
23
Let c(a) = -a**3 + 16*a**2 - 49*a + 24. Let m be c(12). What is the highest common factor of 2226 and m?
6
Suppose -2*j - 63 = -575. Suppose 192 = 58*p - 52*p. Suppose -26*i + p = -800. Calculate the greatest common divisor of j and i.
32
Let v be (266 + 1/(-1))*3/3. Let i be v/30 + 1/6. Let f be -1 + -2 + (39 - 24). What is the greatest common divisor of f and i?
3
Let x be (2 - -3) + 0 + 2/(-2). Suppose 3*i + x*i - 1148 = 0. Calculate the greatest common divisor of i and 41.
41
Suppose -t - 2*z = -47, -z = -2*t + 16 + 38. Calculate the greatest common divisor of t and 12710.
31
Let l be (2/((-2)/(-3)))/(21/14). Let b be (1 - -5)/(1/l*3). Suppose p - 2 = -5*w, -25 = -3*p + b*w + 76. Calculate the highest common divisor of 3 and p.
3
Let g(u) = 5*u**2 + 5*u + 8. Let p be g(4). Let k be 6/(-12) - (-19)/2. Calculate the greatest common factor of k and p.
9
Suppose 5*r + 0*r = 40. Suppose 0 = -r*d - d + 540. What is the greatest common factor of 36 and d?
12
Let k be 10*-5*4*(-10 + 9). What is the highest common factor of k and 225?
25
Let q(n) = 185*n**2 + 122*n - 1. Let x be q(3). Calculate the highest common divisor o